 n(g) = 8*g**2 - 114*g + 66. What are the prime factors of n(32)?
2, 5, 461
Let i = 1579 - -340. What are the prime factors of i?
19, 101
Let i(x) = 2*x**3 - 5*x**2 + 11*x. List the prime factors of i(8).
2, 3, 11
Let k be (100/(-24))/(-5)*-1*-6. Let m be 1/((-2)/(-4)) + 0. Suppose -k*y = -s + 24, -1 = -y + m. What are the prime factors of s?
3, 13
Suppose t - 2 = -2*p + 2, 16 = 2*p - 2*t. Suppose -p*q - 2*n = -8, 2*n + 12 = -n. Suppose -3*i - 5 = -q*i. List the prime factors of i.
5
Suppose 0 = -0*n + 9*n - 144. List the prime factors of n.
2
Let d = 11 + -9. Let n(k) = -k**3 + 20*k**2 - 19*k + 5. Let x be n(19). Suppose -d*c + 75 = 2*g - x*c, g + 4*c - 65 = 0. List the prime factors of g.
3, 5
Suppose -3 = -2*w + 5. Suppose -z = -2*v + 45, w*v - 5*z - 13 = 92. List the prime factors of v.
2, 5
Let t(f) = -304*f**3 - f**2 - 5*f - 5. List the prime factors of t(-1).
3, 101
Let x(q) = -q + 6. Let d be x(6). Suppose d + 2 = -2*m. What are the prime factors of (m/1)/(1/(-12))?
2, 3
Let h = 213 + 85. What are the prime factors of h?
2, 149
Let l = -4 + 7. Suppose l*a - 46 - 120 = -4*k, 12 = 3*k. List the prime factors of a.
2, 5
Let v(x) be the second derivative of 2/3*x**3 - 6*x + 0*x**2 + 0. What are the prime factors of v(3)?
2, 3
What are the prime factors of -2 + (-923)/(-4) - 3/4?
2, 3, 19
Let h(z) = 0*z + 1 - 3*z + 2*z. Let l be h(-6). Suppose -5*w + 3*s = -2*s - 95, w - l = 4*s. List the prime factors of w.
23
What are the prime factors of (-28)/8 + (-7095)/(-66)?
2, 13
Suppose 2*n + 3*a - 3469 = 6*a, -2*a = -n + 1734. What are the prime factors of n?
2, 7, 31
What are the prime factors of -52*(161/(-4) + -1 + 6)?
3, 13, 47
Suppose 8*a - 642 = 430. Suppose 0 = b - 3*b + a. List the prime factors of b.
67
Let q(m) = -m**3 - m**2 + 5*m + 9. Let u be q(-2). Suppose 318 = y + 2*o, u*o - 587 = -5*y + 982. What are the prime factors of y?
2, 3, 13
Let s = 462 - 319. What are the prime factors of s?
11, 13
Suppose 2*v + 4 = -8. Let y = v - 0. What are the prime factors of 12 - 3/(y/2)?
13
Let j = -9 - -10. Suppose 3*q = 22 - j. Let o = q - 0. List the prime factors of o.
7
Suppose -2*x = 2*x + 208. Suppose -i + 0 + 4 = 0. What are the prime factors of 41/i + 13/x?
2, 5
Let n = 437 + 375. What are the prime factors of n?
2, 7, 29
Let h(u) = 18*u + 199. What are the prime factors of h(15)?
7, 67
Let g be (-16)/(-6)*(-39)/(-4). Suppose -3*v = -10 - g. What are the prime factors of (v*-1)/4 - -25?
2, 11
Let q(i) = i**3 + 12*i**2 + 20*i + 1. Let u be q(-10). List the prime factors of (u + 0)*2/(2/3).
3
List the prime factors of ((-6)/(-8)*1)/((-6)/(-9408)).
2, 3, 7
Let a = -172 + 149. Let i(w) = -9*w - 60. List the prime factors of i(a).
3, 7
Let s = 0 + 5. Suppose -s*r + 134 = 39. Let c = r - 15. List the prime factors of c.
2
Suppose 2*n + 5*g - 5 = n, 0 = 5*g - 5. Suppose -2*q = -0*q - 5*u - 22, n = 5*q - 4*u - 55. What are the prime factors of q?
11
Let u(h) = 54*h**2 - 51*h + 524. List the prime factors of u(10).
2, 2707
Let r(l) = -l**3 + 10*l**2 + 4*l - 4. Let p be r(9). Suppose -4*c + 2*c + p = 5*v, c - 45 = -2*v. List the prime factors of v.
23
Let r(d) = -4*d**3 - 4*d**2 - 5*d - 2. Let c be r(-4). List the prime factors of c/28*(1 - -17).
3, 5
Let n = -28 + 166. Let a = -94 + n. List the prime factors of a.
2, 11
Suppose 35 = 5*s - 2*w - 0*w, 3*s - 25 = 2*w. Suppose s*i - 7*i = -90. Let z = 69 - i. What are the prime factors of z?
2, 3
Let s be ((-44)/33)/(2/3). Let m be -80*(-4)/(-2 + s). List the prime factors of ((-24)/(-10))/((-12)/m).
2
Suppose 588 - 27637 = -11*s. What are the prime factors of s?
2459
Suppose 0 = 3*f, 0*f = 2*n - 5*f - 6. Suppose n*b - 55 - 278 = 0. List the prime factors of b.
3, 37
Let f(u) = u**3 - 13*u**2 + 13*u - 11. Let j be f(12). List the prime factors of j*3*(11 - 4/(-2)).
3, 13
Let o be (-1 + 2)*4 - 2. Suppose 4*r - 28 = -3*x, o*x - 4 = r - 0*r. Suppose r = 4*p - 68. What are the prime factors of p?
2, 3
Suppose -5*y = -2*i - y - 16, 5*i + 2*y - 20 = 0. List the prime factors of i/(-1 - 735/(-730)).
2, 73
Suppose -3*i + 1139 = 2*w, -2 = -3*w + 1. What are the prime factors of i?
379
Suppose -112*s = -116*s + 20. Suppose v - 3*t + 938 = 5*v, -4*v + s*t = -954. What are the prime factors of v?
2, 59
Let i be (-138)/(-24) - (-2)/8. Suppose 11*f - 3*h + 17 = i*f, -4*f + 12 = 4*h. Let x(g) = 46*g**2 + 1. List the prime factors of x(f).
47
Suppose -5*d + 4*r = -200, d = 2*d - 3*r - 51. Suppose -64 - d = -4*p. What are the prime factors of p?
5
Suppose -149 - 175 = -9*h. Let x = h - -143. List the prime factors of x.
179
Let q(s) = -s - 4. Let o be q(-6). Let l(k) = -k**3 - 5*k**2 + 5*k - 29. Let h be l(-7). Suppose 54 = o*v - h. What are the prime factors of v?
2, 11
Let c = -1 + 2. Let b(v) = -29*v**2 - 5*v - 5. Let f(i) = 58*i**2 + 11*i + 11. Let l(d) = -13*b(d) - 6*f(d). What are the prime factors of l(c)?
3
Suppose -a + 2641 = -40. List the prime factors of a.
7, 383
Let m be 24/(-18)*6/(-4). Let k be 1/(3/(-24)) + m. What are the prime factors of (4/k - -1)*33?
11
Suppose -5*g - 3*g + 576 = 0. List the prime factors of g.
2, 3
Let i(z) = 24*z**2 - 11*z + 21. What are the prime factors of i(2)?
5, 19
Suppose 497 = -10*h + 17*h. Suppose h*u + 680 = 75*u. What are the prime factors of u?
2, 5, 17
Let g be (6/4)/((-1)/(-2)). Let n(z) = -5 + 13*z**2 - 19*z**3 - 10*z + g + 18*z**3. List the prime factors of n(12).
2, 11
Let i = 18 + -6. Suppose -54 = -2*d + i. List the prime factors of d.
3, 11
Let t(u) = 166*u - 104. What are the prime factors of t(5)?
2, 3, 11
Let r = 2486 + -907. List the prime factors of r.
1579
Suppose 0*t - 3402 = 9*t. List the prime factors of t/(-22) + (-5)/(220/8).
17
Let x = 289 + 149. List the prime factors of x.
2, 3, 73
List the prime factors of (-6)/(-9)*(-24171)/(-14)*1.
1151
Suppose 4*w - 6*w = -5*i + 8, -5 = -3*w - i. Suppose 0 = 5*t + 2*o - 304 + 76, t - 4*o - 28 = 0. Let s = t + w. List the prime factors of s.
3, 5
Suppose 17*v - 1573 = 16*v. List the prime factors of v.
11, 13
Let h(d) = 20*d - 4. Let y be h(4). Let s = y - -40. What are the prime factors of s?
2, 29
Let r = -57 - -8. Let n = r - -72. List the prime factors of n.
23
Suppose -3*u - 76 = -1732. What are the prime factors of u?
2, 3, 23
Let h(f) = 3*f**2 - 5*f - 19. Let k be h(7). Suppose 0 = x - 3*x. List the prime factors of k*1/(3 + x).
31
Let g(f) be the first derivative of f**2 - 16*f + 14. Let u(d) = d + 14. Let v be u(0). List the prime factors of g(v).
2, 3
Suppose 2 = -5*j + 7. Let f be ((-175)/(-28))/(j/(-4)). List the prime factors of (f/4)/(7/(-28)).
5
Let d = 190 - -231. List the prime factors of d.
421
Let n = 136 - -69. List the prime factors of n.
5, 41
Let n(q) = q**3 - 4*q**2 - 5*q + 2. Let h be n(5). List the prime factors of ((-4)/h + -1 + -9)*-3.
2, 3
Let o(v) = -8*v**3 - 17*v**2 - 8. List the prime factors of o(-5).
3, 7
Let a = 878 - 517. What are the prime factors of a?
19
Let h(f) = 107*f - 255. What are the prime factors of h(8)?
601
Suppose -c + 2*f + 1 = -10, -4*c + 4*f = -52. Let j be 2*c/(-6)*1. List the prime factors of (-38)/j + (-3)/5.
7
Let s = -3 + -9. Let p = 16 + s. What are the prime factors of 70 - p/(-8)*-6?
67
Let r be 0/1 + 6/2. Suppose -5*i - 2*p - 3405 = 0, 4*i + 5*p + 2726 = r*p. List the prime factors of i/(-28) + (-1)/4.
2, 3
Let o = -99 - -266. Let v = o + -98. What are the prime factors of v?
3, 23
Suppose 6*h - 9*h = -120. What are the prime factors of ((-368)/(-2))/(h/20)?
2, 23
List the prime factors of (-294)/18*1/(4/(-12)).
7
Let p be (-1 - -2)*1*(2 + 11). Suppose 0 = p*a + 435 - 2788. List the prime factors of a.
181
Suppose 5125 = 5*r - 3*s - s, -4131 = -4*r - 3*s. What are the prime factors of r?
3, 7
Let s(r) = r + 9. Let j be s(-7). Suppose j*p + 4 = 0, 0*p + 10 = 2*k - 2*p. Suppose k*x = 2*u + 47, 2*x = u + 4*u + 24. List the prime factors of x.
17
Suppose 75 = 5*d - 20. Let m = 23 - d. Suppose -m*p - 2 - 2 = -3*r, 5*r = -2*p + 24. List the prime factors of p.
2
Suppose -4*r = 3*o - 3856, 979 = r - 51*o + 48*o. List the prime factors of r.
967
Let k(g) = 2*g**2 - 2*g + 5. Let u be k(4). Suppose 3*n + u = 3*v - 7*v, 38 = -4*n - 5*v. Let d(z) = z**2 - 4*z - 8. What are the prime factors of d(n)?
3, 23
Suppose -34*f + 37*f - 1833 = 0. List the prime facto